16.
4
Let d = -44 + 47. What is the greatest common divisor of d and 24?
3
Let o(k) = -k - 4. Let g be o(-2). Let y be (-34)/g + (5 - 4). Calculate the highest common divisor of y and 126.
18
Let f(g) be the first derivative of -g**4/4 + 2*g**3/3 + g**2 + 2. Let k be f(2). What is the greatest common divisor of k and 16?
4
Suppose 14 = 4*m + 3*f, 0*m - 14 = -2*m + 2*f. Let p = m + -4. What is the greatest common factor of p and 11?
1
Suppose -32 = -5*p + 3*f, 2*p + 2*f = -0*f. Suppose -217 = p*v - 557. Let n be ((-68)/(-6))/(1/3). Calculate the greatest common factor of v and n.
17
Suppose 24 = 4*f - 0*f. Let v be f/((-1)/(-2) - 0). Calculate the greatest common divisor of v and 108.
12
Let b = 23 - 9. Calculate the highest common factor of b and 126.
14
Let a be (-15)/(-3) + (1 - -1). Suppose -3*i - 60 + 24 = 0. Let n(p) = -p - 11. Let z be n(i). What is the greatest common divisor of z and a?
1
Let o be 4 + -4 - 2 - -21. Let h = o - 11. What is the highest common factor of h and 32?
8
Suppose 6 = 2*c - 0*c + 2*k, -c - 27 = -5*k. Let z = 7 + c. What is the greatest common factor of 1 and z?
1
Suppose -2*r = -3*f - 11, 0 = -2*f - 7 + 1. Calculate the greatest common factor of r and 2.
1
Let l(u) = u + 3 - 2 - 4*u - 10. Let v be l(-5). What is the greatest common factor of v and 48?
6
Let a(f) = -f + 26. Let p be a(20). Calculate the greatest common factor of 9 and p.
3
Suppose 5*d = -10 + 40. Let y(h) = h**3 - 2*h**2 - 9*h + 8. Let l be y(d). What is the greatest common factor of l and 14?
14
Let l = 33 + -6. Calculate the highest common factor of l and 63.
9
Suppose 0 = i - 3*x - 9, 3*i - x = 4*i - 5. Suppose 10 = -2*k, -4*o + 165 = -4*k + 49. What is the greatest common divisor of o and i?
6
Suppose -4*q + 13 = f, 3*q - 3*f + 2 + 7 = 0. What is the greatest common factor of q and 8?
2
Suppose 3*q + 2*l - 4 - 1 = 0, -4*q + l = -14. Suppose -3 = q*z - 4*z. What is the greatest common factor of 1 and z?
1
Let j = -3 + 5. Let y = 15 + -6. Let t(a) = -a**2 + 11*a - 12. Let i be t(y). Calculate the greatest common divisor of j and i.
2
Let x = 611 + 76. Let z = x - 445. Let y(l) = 2*l**2 - 7*l + 7. Let b be y(5). What is the highest common divisor of b and z?
22
Let y = 55 + -7. Calculate the greatest common factor of 6 and y.
6
Suppose -5*y = -3*y - 42. What is the greatest common divisor of y and 105?
21
Let b(r) = r**2 + 5*r + 3. Let w be b(-5). Suppose w*c = 3 + 27. Calculate the greatest common factor of c and 2.
2
Let x be -4 + 5 + 20/(-1). Let c = 9 - x. What is the highest common divisor of 7 and c?
7
Let q(r) = -r**2 + 5. Suppose 5*f = -3*v - 2*v - 25, -4*v + f = -5. Let h be q(v). Calculate the highest common divisor of h and 10.
5
Suppose 0 = -2*h + 8 - 6, 0 = 3*n + 4*h - 565. What is the highest common divisor of 17 and n?
17
Let o(d) = d + 3. Let w be o(-6). Let b = w - -10. Suppose -25 = -3*q - b. What is the highest common divisor of 15 and q?
3
Let h be (1 - 42/8)*-16. Let v(p) = -p**3 + 6*p**2 + 9*p + 3. Let b be v(7). Calculate the highest common divisor of b and h.
17
Suppose 91 = 3*w - 323. What is the greatest common divisor of w and 23?
23
Suppose -7 = -5*d + 13. Suppose -5*g + 70 = -a, d*a = -g - 0*g - 7. Calculate the highest common divisor of 143 and g.
13
Let s(y) = -y + 275. Let o be s(0). Calculate the highest common factor of 25 and o.
25
Let m = -35 - -36. Suppose 3*s = -3, -4*j - s = -2*s - 1. Suppose -x + 3 = r - 6, x - 4 = j. Calculate the highest common divisor of r and m.
1
Let c(l) = 9*l**3 - 3*l**2 - 3*l + 1. Let a be c(2). Calculate the greatest common factor of 11 and a.
11
Let x be ((-1)/2)/((-2)/20). Suppose x = q - 4. Calculate the highest common factor of 90 and q.
9
Suppose -40 = 2*d - 6*d. Calculate the greatest common divisor of 10 and d.
10
Let w(o) = 2*o + 14. Let n be w(-7). Suppose -5*d + 72 + 138 = n. Let v be (-1 - -2) + 4 + 1. Calculate the highest common divisor of v and d.
6
Let c be (-1)/5 + (-1428)/(-15). Let a = c + -7. Calculate the greatest common factor of a and 11.
11
Let w = -7 + 5. Let y be 16*(w - 1)*-1. What is the highest common divisor of 12 and y?
12
Suppose 3*v - 3*j = -0*j + 12, 2*v - 5*j - 8 = 0. Let r = 12 - v. Suppose -r = -4*q, 4*u + 0*q - 10 = q. Calculate the greatest common divisor of 15 and u.
3
Suppose 10 = -2*o + 4*j, j + 30 = 5*o + 2*j. Calculate the greatest common divisor of 55 and o.
5
Let s(k) = 19*k. Let b be s(1). Suppose 0*l + u - 186 = -2*l, -3*l + 281 = u. Calculate the highest common factor of l and b.
19
Let f = 33 - 28. Suppose -2*g - z + f*z = -26, -4*g = 5*z - 91. Suppose r - 133 = -0*r. Calculate the greatest common factor of r and g.
19
Let y be (2 - 1) + 0 - -13. Let n be (3/(-2))/(1/(-34)). Suppose 5*p - 261 = -n. What is the greatest common divisor of p and y?
14
Let u = 0 - 270. Let m = u + 398. Calculate the greatest common divisor of m and 16.
16
Let c = 31 + -13. Let v = c - 13. Let t = v - -3. Calculate the highest common factor of 1 and t.
1
Let u be (6/4)/((-3)/(-32)). Suppose n - 2*n + d + 5 = 0, 0 = -4*n + 2*d + u. Calculate the greatest common factor of n and 12.
3
Suppose -4*k - 12 = -2*g, 3*g + k - 7 = -4*k. Calculate the greatest common divisor of g and 2.
2
Let c be 255/9 + (-2)/(-3). Let w = -18 + c. Calculate the highest common factor of 44 and w.
11
Let m(v) = v**3 - 3*v - 3. Suppose -5*z + 25 = 0, -5*z + 31 = a + a. Let f be m(a). Calculate the greatest common divisor of f and 15.
15
Suppose 0 = -5*x + 2*x - 351. Let m be 2 - x - 0/7. What is the highest common divisor of 17 and m?
17
Let p(c) = 5*c**2 - 2*c + 3. Let d be p(3). Suppose d = 3*j + 15. Suppose 0 = -4*k + 243 + 45. Calculate the greatest common divisor of k and j.
9
Let a = -14 - -16. Let f be a - (-5 - (-6 - -2)). Calculate the highest common divisor of 6 and f.
3
Let k = 15 + -13. Suppose -5*q + 492 = k*l, -4*l + 2*l = -2*q + 208. What is the highest common factor of q and 25?
25
Suppose 2*t - 14 = 2. Let k(y) = 87*y**3 + y**2. Suppose v - 4*x = 9, -5*x - 15 = -9*v + 4*v. Let n be k(v). Calculate the greatest common divisor of n and t.
8
Let u be 8/36 - (-590)/18. Calculate the greatest common factor of 11 and u.
11
Let t = 217 - 138. Let k = 111 - t. What is the greatest common divisor of k and 8?
8
Let w = 65 - 35. Calculate the greatest common factor of 240 and w.
30
Let l(o) = 5*o**3 - 2*o**2 - 4*o - 1. Let f be l(3). What is the highest common factor of 26 and f?
26
Suppose -95 - 15 = -11*v. What is the highest common divisor of v and 35?
5
Let k = 4 + -2. Let q(f) = -20*f - 102. Let c be q(-6). Calculate the highest common factor of c and k.
2
Suppose 12 = 2*c + 2*a, c + 5*a = -2*c + 24. Suppose -c + 36 = 3*q. What is the highest common factor of 44 and q?
11
Let p be (-5 - -2)/((-3)/18). What is the highest common divisor of p and 9?
9
Let c(j) = 9*j**3 - 1. Let x be c(1). Let t = 20 - x. What is the greatest common factor of 4 and t?
4
Suppose -3*v = -24 - 75. Suppose l - 30 = -2*s, -4*l + 104 = -0*l + 4*s. Calculate the greatest common factor of v and l.
11
Let i(g) = g**2 - g + 2. Let n be i(0). Suppose u + n*p = 6, 3*u - 4*p - 47 = -9. Let j be (-1646)/(-10) + u/25. What is the highest common factor of j and 15?
15
Suppose 3*z - 7 = 4*s, z + 5*s = 3*z. Suppose -q + 1 = z*i - 11, 3*i = -4*q + 82. Let k = 157 - 146. Calculate the highest common factor of q and k.
11
Suppose -13 = 5*a + 2. Let f be 32/a*6/(-2). What is the greatest common divisor of f and 8?
8
Suppose 2*n - o = -5*o + 26, -3*n = 5*o - 34. Suppose 2*t = 5*u - 61, -t - 4*t = -n*u + 48. Let z = 4 + -3. Calculate the greatest common divisor of z and u.
1
Let i(q) = q**3 + 7*q**2 + 5*q - 8. Let m be i(-6). Let v be (m + 5)/(-3) + 3. Suppose v*d - 29 = 55. Calculate the highest common divisor of 28 and d.
14
Let f(d) = -13*d**3 - 2*d**2 - 2*d - 1. Let b be f(-1). Let v be (-10 + b)/(4/54). Calculate the greatest common divisor of 9 and v.
9
Let a be 0 + 117 + -21 + 19. What is the highest common factor of a and 23?
23
Let z(u) = -2*u - 13. Let n be z(-12). Calculate the highest common factor of 11 and n.
11
Let g = 6 + 2. Calculate the greatest common divisor of 4 and g.
4
Let l = -3 + 3. Suppose d - 3*d + 130 = l. What is the greatest common divisor of 26 and d?
13
Let t be 4/((-24)/(-15))*1